Is (-20431)/((8/4)/(-5 + -5 + 8)) a composite number?
False
Let a(k) = 8516*k + 15702. Is a(125) a prime number?
False
Let w(v) = -v. Let o be w(-3). Suppose 5*i - 6 = z, 4*i - 2*i + o*z = 16. Is 12904/40 + i + 16/(-10) prime?
False
Let j(i) = -2*i + 4*i**2 - 4*i + 4*i + 3 - 2*i**2. Let v be j(-2). Suppose -3*t - 4*d + d + 600 = 0, -3*d = v. Is t a prime number?
False
Let n be ((-2)/6)/(1/(-12)). Is 107339 + (n/16*0)/3 prime?
True
Let n(f) = -54099*f - 4224. Is n(-13) a composite number?
True
Suppose 2*g - 3 = -o + 6, 0 = 3*g - o - 16. Suppose -x - g*c = -10460, 3*x = -c + 2*c + 31428. Suppose x = -38*j + 43*j. Is j composite?
True
Is (-1)/(9897300/34641236 + (-6)/21) composite?
False
Suppose -30210 = -3*a + 5*z, 2*a + 4*z - 20140 = 2*z. Suppose -15110 = -3*b + 2*f, 0*b - 2*b + a = 2*f. Suppose 0*j - b = -4*j. Is j a prime number?
True
Let o be -3*(-7)/(-2*(-3)/1038). Suppose 7*l = 7091 + o. Suppose 3*f - 569 = -w - 55, 3*w - l = f. Is w prime?
False
Let z(p) = p**3 + 18*p**2 + p + 23. Let u be z(-18). Suppose -u*n + 4056 = 2*j, -4*j = -4*n - 0*n + 3256. Is n - 1 - 0/1 composite?
False
Let x(r) = 747*r. Let w be 0 + (-2)/2 + 2. Let z be x(w). Is z/4 - 10/(-40) a composite number?
True
Is (4/(-6) - -1)/((-874)/(-684926706)) composite?
False
Suppose -l = -6 + 1. Suppose -l*v + 17 = 12. Let n(w) = 222*w**3 + w**2 + 2*w - 2. Is n(v) prime?
True
Suppose -4*t + 52 = 9*t. Suppose t*f = -4*d + 3952, -7*d - 12 = -3*d. Is f a prime number?
True
Let c be ((-243)/54)/(3/(-4)). Is 4406/c*(-7 + 10) composite?
False
Let c = 8 - 6. Let z(w) be the second derivative of 43*w**3/2 - 5*w**2/2 - w - 25. Is z(c) prime?
False
Let s(g) = 8*g**2 - 2*g - 9. Let z be s(-8). Let p = 895 - z. Suppose -27 = -y + 3*x + p, -4*y + 1586 = x. Is y composite?
False
Suppose 11*h - 482134 = 548907. Is h prime?
False
Let b be (6/(-4) - -4) + (-1)/(-2). Is -1*(2579/b)/(3/(-9)) a composite number?
False
Suppose 0 = 4*o - 31 + 19. Suppose -4*n + 39 = -3*i, -o*i - 27 - 12 = 5*n. Is ((6 - 1)*i)/(10/(-10)) a prime number?
False
Suppose -5*i + 5 = -5*j, 3*j - 10 = -3*i + 11. Let r(s) = 2009*s**2 - 149*s - 1. Is r(i) prime?
True
Let n(d) = -11*d**3 - d**2 + 3*d - 2. Let w = -95 + 90. Let b be n(w). Suppose -b = 9*s - 4744. Is s prime?
True
Let o be 11044/(-110) - -3*(-2)/(-15). Let c = o - -106. Suppose 5*l - 6279 = c*w - 2*w, -5*w + 20 = 0. Is l a prime number?
True
Let j(v) = 106*v**2 + 104*v - 11. Suppose 128 = 36*u - 28*u. Is j(u) a composite number?
False
Let j be 4 + 2 + (-4 - 0). Suppose 4*g + 2*l - 14395 = -l, 0 = 4*g - j*l - 14410. Is g a prime number?
False
Let f be -2 - (-12 - 20/(-5)). Let a(y) = y**3 - 6*y**2 - 2*y + 12. Let l be a(f). Suppose 4*g = -l*g + 1572. Is g prime?
False
Let j be 2/32*-4 + 22418/8. Let v = j + 3361. Is v a prime number?
True
Suppose 39*m = -446181 + 158829. Let f = -3773 - m. Is f a prime number?
False
Let y be (-1)/(3*(-3)/(-27)). Is (y/(-12))/(18/2185848) prime?
False
Suppose -5*j = j - 64212. Suppose -5*h + 103713 - j = 4*g, g = -5*h + 92999. Is h composite?
True
Let k(t) = 4259*t**3 + 6*t**2 + 39*t - 131. Is k(3) a prime number?
False
Let i = 18 - 15. Suppose 2*r + 22*w - 21*w = 4, 3*w - 4 = -2*r. Suppose 5*l - 2453 = r*v - 0*v, 0 = l - i*v - 488. Is l a composite number?
False
Let s(r) = -r**3 - 14*r**2 + r + 18. Let w be s(-14). Suppose -5*c + w = -4*c. Is (-9522)/(-24) + 1/c prime?
True
Suppose -5*i = 5*s - 1045, -3*i + 530 = 5*s - 97. Suppose 4*o = -2*w + i + 41, 3*w - 377 = -5*o. Suppose -w = -39*l + 36*l. Is l a composite number?
False
Suppose 0 = 1800*c - 1796*c - 904676. Is c a composite number?
False
Suppose -14*z - z + 60 = 0. Suppose z*d - 10626 = -38*d. Is d a composite number?
True
Suppose 636736 + 832118 = 18*c + 279792. Is c prime?
False
Let d = 2256141 + -1066910. Is d a composite number?
False
Let k = -1433 - -584. Let y be (4/(-10))/((-80)/298000). Let h = y + k. Is h prime?
True
Suppose 7*t = 77 + 7. Is 2/t - (-16878)/36 prime?
False
Suppose 2*m + 5 + 5 = 0, m + 20993 = 3*y. Let b = y + -4169. Is b a composite number?
True
Suppose -1498 + 88 = -5*t. Is (-8)/(192/t)*-164 a composite number?
True
Let j be ((-42)/6 - -7456) + (-2 - 1). Let d = j + -424. Is d composite?
True
Is (-1)/((-1727382)/172738 - -5 - (-11 - -6)) prime?
True
Let u = 37 + -26. Suppose -13*r + u*r + 6 = 0. Suppose 0 = -4*c - r*v + 1667, 2*c + 0*v - 5*v = 801. Is c prime?
False
Let t = -348 + 343. Let w(y) = -93*y + 68. Is w(t) a prime number?
False
Let n(z) = 897*z + 52 - 1940*z + 928*z. Is n(-19) prime?
True
Let q = 224064 - 95917. Is q composite?
False
Let x = 1740 + -1186. Suppose 2214 = 2*o - 324. Let p = o + x. Is p a prime number?
True
Let g = 903248 - 237195. Is g a prime number?
False
Suppose -10*y - 212 = -242. Suppose 4*g = 2*n + 294 - 1572, 1920 = 3*n - y*g. Is n a composite number?
False
Let u be 1180/6*(-72)/(-40). Suppose 7*i - 325 = u. Is i composite?
False
Let s = 2761 + 820. Is s prime?
True
Suppose -2*x + 84124 + 56632 = -y, -281498 = -4*x - 5*y. Is x a composite number?
True
Let l = 127125 - 36962. Is l prime?
True
Suppose 0*q - 2*q + j = -58120, 0 = 5*j + 10. Is q a prime number?
True
Suppose 0 = 5*o, 3*f = 2*f - 5*o + 350. Suppose 0 = -2*y + 72 + f. Suppose -5*l + 1267 = -3*n, -275 = -2*l - 4*n + y. Is l a composite number?
False
Suppose -7*j + 10*j - 15 = 0. Let q be 3*(-4)/(-6) - 20/10. Suppose -d - j*v + 358 = 0, q = 2*d + 2*v - 259 - 449. Is d composite?
False
Suppose 6*c = 266 + 76. Suppose 52*a + 16405 = c*a. Is a a prime number?
False
Let g(n) = 173*n**2 + 4*n + 2. Let y be g(-1). Suppose 582 = p - y. Suppose 0 = -7*t + 4*t + p. Is t composite?
False
Suppose 90*s - 855279 = 29*s - 20*s. Is s prime?
True
Let m = 179406 + 26623. Is m prime?
False
Is 2*2 + (-23)/((-322)/505106) a prime number?
True
Let f(h) = 4194*h**2 + 28*h + 117. Is f(-5) composite?
False
Let k(j) = -3*j**2 + 39 + 22*j**2 - j**2 - 46*j. Is k(13) composite?
True
Suppose -6*o + 7*o + 3112 = 0. Let f = -1622 - o. Suppose q + 2*q = -j + 2231, f = 2*q + 2*j. Is q composite?
False
Suppose 3*g + 5 = 4*n + 1, -3*g - 2*n = -2. Suppose 0*q + 6114 = 4*x + 5*q, -3*x - 3*q + 4587 = g. Is x prime?
True
Let r(p) = -420*p + 6. Let f be (1/(-4)*-6)/(18/(-24)). Let l be r(f). Suppose -l = s - 2*s - 3*x, 0 = -2*s - x + 1687. Is s prime?
False
Suppose -91736 = -19*o - 6844. Let a = o + 2178. Is a a prime number?
False
Suppose -r = -0*a - 2*a - 5018, 5*a = r - 12551. Let q = 1266 + a. Let o = q + 6868. Is o composite?
False
Suppose 4*n + 615 = -4305. Let c = 1651 - n. Is c prime?
False
Suppose 0 = 9*d - 0*d - 9. Suppose -d = -19*r + 18*r. Suppose -r = x, -3*s = 5*x - x - 1961. Is s a prime number?
False
Let j = 79825 - 1576. Is j a composite number?
True
Let f(t) be the second derivative of -t**3 + 1/3*t**4 + 0 + 3*t - t**2. Is f(4) prime?
False
Let d = -465 + 472. Suppose -d*q = -29*q + 217822. Is q a composite number?
False
Suppose 3*c + 4*d + 14 = c, -2*d + 5 = 5*c. Suppose 3*b - 6*b = -5*j + 24299, c*b - 24311 = -5*j. Is j a composite number?
False
Let m(r) = -r**2 + 14*r + 6. Let k(f) = -2*f**2 + 29*f + 13. Let j(u) = 6*k(u) - 13*m(u). Let y be j(8). Suppose 6295 = 5*o - y*o. Is o a composite number?
False
Suppose -2137464 + 123035 = -23*a - 3102. Is a a prime number?
False
Let n(v) = 575*v + 378. Is n(1) prime?
True
Let k be 3/((-2)/(54488/(-21))). Let t = 9405 - k. Is t prime?
False
Let a be (3025 - -2)*123/41. Let i(n) = n**3 - 14*n**2 - 16*n + 5. Let y be i(15). Is a/45 - (2/y + 1) prime?
False
Let l(m) = 3*m + 12. Let x be l(0). Suppose -3*a = x, 7*o - 3*a - 28 = 3*o. Suppose 141 = 2*b - 0*b + f, 75 = b - o*f. Is b prime?
True
Let w(y) = 7*y**2 - 12. Let h be w(-2). Is 3085 + -1 - (17 - h) prime?
True
Let d = -58263 - -173242. Is d composite?
True
Suppose -2*j = -56*g + 51*g - 91876, -3*j - g = -137831. Is j a composite number?
False
Suppose 1553 = 3*n + 1538. Suppose 5*o = -r + 29114, 4*r - n*o = 6911 + 109470. Is r prime?
False
Let c(g) = -2*g**3 + 21*g**2 - 141*g - 77. Is c(-62) prime?
False
Let h(m) = -m**3 + 38*m**2 - 74*m + 83. Let w be h(36). Let d(n) = 685*n**2 + n - 1. Let i be d(-2). Suppose 4*z = w*z - i. Is z prime?
False
Suppose 3*o - 1325457 = -3*v, -22*v + 20*v = -3*o - 883598. Is v prime?
True
Suppose -1885 = 4*j + 587. Let i = 13 - j. Is i prime?
True
Let 